se
Is 2400886 composite?
True
Is 606413 prime?
True
Is 2657 a composite number?
False
Is 5072309 a prime number?
False
Is 370891 a composite number?
False
Is 744193 prime?
False
Is 14411 composite?
False
Is 43511 composite?
True
Is 27223 a composite number?
True
Is 22669 a composite number?
False
Is 70871 a composite number?
True
Is 2262173 a prime number?
False
Is 308887 a prime number?
True
Is 932189 a prime number?
True
Is 924949 composite?
True
Is 40913 prime?
False
Is 1111 a composite number?
True
Is 10801 a prime number?
False
Is 353877 a prime number?
False
Is 368915 prime?
False
Is 127 a prime number?
True
Is 22213 prime?
False
Is 215903 composite?
True
Is 327121 composite?
True
Is 467141 prime?
True
Is 475957 composite?
False
Is 4195 prime?
False
Is 19939 prime?
False
Is 511 composite?
True
Is 680117 composite?
True
Is 36191 a composite number?
False
Is 226691 composite?
False
Is 12143 a prime number?
True
Is 2520867 a prime number?
False
Is 755959 a composite number?
False
Is 15389 prime?
False
Is 176501 prime?
False
Is 462937 composite?
False
Is 153607 composite?
False
Is 5045 a prime number?
False
Is 550667 a prime number?
False
Is 4931 a composite number?
False
Is 142151 composite?
False
Is 338659 a composite number?
False
Is 10483 composite?
True
Is 447401 composite?
False
Is 24197 a composite number?
False
Is 31847 a prime number?
True
Is 6377 composite?
True
Is 104981 a prime number?
False
Is 591267 composite?
True
Is 40927 composite?
False
Is 6118401 prime?
False
Is 977 a prime number?
True
Is 1522529 a composite number?
True
Is 941 a composite number?
False
Is 80489 a composite number?
False
Is 34379 prime?
False
Is 1559521 a prime number?
True
Is 80599 a prime number?
True
Is 13798 a composite number?
True
Is 44686 a composite number?
True
Is 25391 a composite number?
False
Is 3488369 composite?
False
Is 367522 a prime number?
False
Is 222731 a composite number?
False
Is 3364853 a composite number?
False
Is 385559 composite?
False
Is 13129 composite?
True
Is 368507 prime?
True
Is 1640387 composite?
True
Is 924821 a prime number?
False
Is 592121 composite?
False
Is 5779 a prime number?
True
Is 3612547 a prime number?
True
Is 645185 composite?
True
Is 3407 composite?
False
Is 25703 prime?
True
Is 10238 prime?
False
Is 411347 composite?
False
Is 16691 prime?
True
Is 3649 composite?
True
Is 32641 prime?
False
Is 179 a composite number?
False
Is 752093 composite?
False
Is 3407 a composite number?
False
Is 16811 composite?
False
Is 1181149 composite?
False
Is 1269623 prime?
False
Is 443 composite?
False
Is 109487 a composite number?
True
Is 202649 a composite number?
True
Is 3163 a composite number?
False
Is 31649 prime?
True
Is 251891 composite?
True
Is 9584405 prime?
False
Is 35603 a prime number?
True
Is 9217 prime?
False
Is 52853 composite?
True
Is 145703 a prime number?
True
Is 125063 a composite number?
False
Is 115043 a composite number?
True
Is 54155 a prime number?
False
Is 394189 a prime number?
False
Is 4339 prime?
True
Is 9333517 composite?
False
Is 23789 a composite number?
False
Is 58603 a composite number?
False
Is 814391 a composite number?
True
Is 182317 composite?
True
Is 4054681 composite?
False
Is 4679 a composite number?
False
Is 2917289 a prime number?
True
Is 26759 a prime number?
True
Is 23401 prime?
False
Is 31173 composite?
True
Is 8594 a composite number?
True
Is 17957 prime?
True
Is 258233 prime?
True
Is 3719 a composite number?
False
Is 16817 composite?
True
Is 39257 composite?
True
Is 5147 composite?
False
Is 11105 a prime number?
False
Is 665507 composite?
False
Is 194809 a composite number?
False
Is 4358 a prime number?
False
Is 410287 composite?
True
Is 42737 a composite number?
False
Is 5137309 prime?
True
Is 237509 prime?
True
Is 4847 a prime number?
False
Is 335609 prime?
True
Is 171685 a prime number?
False
Is 541 composite?
False
Is 9029 a composite number?
False
Is 21865 a composite number?
True
Is 606617 prime?
False
Is 99861 a composite number?
True
Is 2789399 prime?
True
Is 3151 a composite number?
True
Is 124847 a prime number?
True
Is 13123 a prime number?
False
Is 567211 prime?
False
Is 2446871 a prime number?
False
Is 22241 prime?
False
Is 198665 composite?
True
Is 693943 composite?
False
Is 67307 composite?
False
Is 58495 composite?
True
Is 144665 a prime number?
False
Is 235211 prime?
True
Is 22013 composite?
False
Is 894097 prime?
True
Is 37003 a composite number?
False
Is 58391 composite?
False
Is 19889 a prime number?
True
Is 49523 a prime number?
True
Is 18141 a prime number?
False
Is 9111 prime?
False
Is 37871 composite?
False
Is 33763 a composite number?
True
Is 191809 composite?
True
Is 12809 composite?
False
Is 39551 prime?
True
Is 16217 a prime number?
True
Is 339593 composite?
True
Is 2081153 composite?
True
Is 18397 prime?
True
Is 77069 a prime number?
True
Is 422105 composite?
True
Is 958 a composite number?
True
Is 40405 a prime number?
False
Is 10993 prime?
True
Is 30869 composite?
False
Is 3891 composite?
True
Is 690757 prime?
True
Is 53121 composite?
True
Is 3943 a composite number?
False
Is 44907 composite?
True
Is 213383 a composite number?
False
Is 622067 a prime number?
True
Is 4111 prime?
True
Is 1211 a prime number?
False
Is 97417 a prime number?
False
Is 8147 a prime number?
True
Is 5207 composite?
True
Is 21767 a prime number?
True
Is 1060847 prime?
False
Is 6163 a composite number?
False
Is 69959 a composite number?
False
Is 2333 a composite number?
False
Is 17245 prime?
False
Is 317789 a composite number?
False
Is 10133 composite?
False
Is 290137 prime?
True
Is 1303 a composite number?
False
Is 2235221 prime?
True
Is 579697 composite?
True
Is 314543 a prime number?
True
Is 68993 composite?
False
Is 806761 a composite number?
False
Is 36185 a composite number?
True
Is 11539 a prime number?
False
Is 82853 a prime number?
False
Is 44753 a prime number?
True
Is 26813 a prime number?
True
Is 39971 prime?
True
Is 4957 a composite number?
False
Is 613 a prime number?
True
Is 112555 composite?
True
Is 456791 prime?
True
Is 1528223 a prime number?
True
Is 6487 composite?
True
Is 5623 a composite number?
False
Is 11969 a prime number?
True
Is 594911 prime?
True
Is 40567 prime?
False
Is 183871 prime?
True
Is 192737 composite?
False
Is 21377 a prime number?
True
Is 7851 a composite number?
True
Is 22613 prime?
True
Is 68711 a prime number?
True
Is 31767 a composite number?
True
Is 863099 composite?
True
Is 65281 a prime number?
False
Is 87923 a prime number?
False
Is 3631 a prime number?
True
Is 13517 a prime number?
False
Is 35413 a prime number?
False
Is 19291 a prime number?
False
Is 11081 composite?
True
Is 33223 composite?
False
Is 19289 a composite number?
False
Is 6709 composite?
False
Is 1768747 a composite number?
False
Is 2062 a composite number?
True
Is 1630777 a composite number?
False
Is 6449 composite?
False
Is 19111 composite?
True
Is 15511 prime?
True
Is 9923 a composite number?
False
Is 10037 a prime number?
True
Is 103171 a prime number?
True
Is 6337 a prime number?
True
Is 132283 a prime number?
True
Is 68053 a composite number?
False
Is 15013 a prime number?
True
Is 256673 a prime number?
False
Is 888857 prime?
True
Is 17218 a prime number?
False
Is 1478649 prime?
False
Is 98557 composite?
True
Is 6353 a composite number?
False
Is 1344541 prime?
False
Is 1043969 a prime number?
True
Is 246161 a prime number?
False
Is 12053 prime?
False
Is 6103 a prime number?
False
Is 68674 a prime number?
False
Is 13451 prime?
True
Is 311197 a prime number?
True
Is 1427367 a prime number?
False
Is 73277 a prime number?
True
Is 53969 a prime number?
False
Is 1138057 a prime number?
True
Is 9223 a prime number?
False
Is 529003 composite?
False
Is 64865 composite?
True
Is 2231 composite?
True
Is 8461 composite?
False
Is 99861 a composite number?
True
Is 1115 a prime number?
False
Is 897433 a composite number?
False
Is 8719 a prime number?
True
Is 1127659 a prime number?
False
Is 4699373 composite?
True
Is 5639 a composite number?
False
Is 14983 prime?
True
Is 111997 composite?
False
Is 15815 prime?
False
Is 180461 a prime number?
False
Is 11717 composite?
False
Is 17349 prime?
False
Is 62641 prime?
False
Is 234237 prime?
False
Is 54389 composite?
True
Is 541171 co